to base 8.
-41331362
Convert -7a87 (base 15) to base 2.
-110010110010010
-10011111110011000011011 (base 2) to base 10
-5236251
What is -100011110010001110 (base 2) in base 16?
-23c8e
What is -17345 (base 12) in base 13?
-1221b
What is -25643 (base 14) in base 2?
-10110011010001011
-25241113 (base 6) to base 8
-3066105
What is 5827660 (base 10) in base 2?
10110001110110001001100
870ce (base 16) to base 12
228152
What is 447760 (base 8) in base 11?
a3940
Convert 11114435 (base 7) to base 5.
221240434
5617 (base 8) to base 14
1115
What is 1110101101011000 (base 2) in base 8?
165530
Convert -974c71 (base 15) to base 8.
-33370300
Convert -5544545 (base 8) to base 16.
-16c965
Convert -339892 (base 14) to base 11.
-a99707
Convert -1972593 (base 10) to base 13.
-540b1c
Convert -52334154 (base 7) to base 16.
-4352c1
-c297a6 (base 13) to base 5
-2130034410
What is 84736 (base 9) in base 5?
3243004
Convert 1444204 (base 11) to base 10.
2479899
11110010200112 (base 3) to base 9
4403615
Convert 1100101011111001011 (base 2) to base 7.
3350633
What is -79542 (base 11) in base 16?
-1c1ad
Convert -625894 (base 10) to base 15.
-c56b4
12762 (base 15) to base 16
e6a2
-68c6f2 (base 16) to base 2
-11010001100011011110010
Convert 1120110431 (base 6) to base 10.
12326419
Convert -c75dee (base 15) to base 11.
-539a714
-1000b7 (base 12) to base 6
-5200351
What is -505560 (base 11) in base 2?
-11000110011000100101
What is -248a7 (base 11) in base 16?
-8b6b
What is 45785 (base 11) in base 15?
14909
What is 8b2d9 (base 14) in base 12?
1437a7
What is 1031112312 (base 4) in base 5?
40114404
-b37a69 (base 13) to base 7
-50406115
466620 (base 7) to base 14
22880
Convert -476462 (base 12) to base 11.
-717157
What is -627225a (base 11) in base 14?
-167b6c4
Convert 10dc3 (base 14) to base 16.
a0af
-11221222001222 (base 3) to base 14
-4c8d42
What is 4017414 (base 8) in base 15?
15d09e
What is -1515230 (base 6) in base 16?
-157c2
What is -113032322 (base 4) in base 13?
-34412
Convert 2552618 (base 10) to base 16.
26f32a
Convert -215101003 (base 7) to base 8.
-61335517
-10112201011 (base 4) to base 7
-12460651
-ed227 (base 15) to base 4
-2313313120
654460 (base 7) to base 14
2d9d7
133320003 (base 5) to base 8
2465007
Convert -1002044 (base 6) to base 3.
-2101122001
What is 201000012100 (base 3) in base 4?
1123111221
8c3dd (base 15) to base 12
1963a7
c734 (base 14) to base 8
103052
What is 185763 (base 10) in base 12?
8b603
What is -11100010101101100101 (base 2) in base 15?
-135228
2767313 (base 8) to base 13
214c4c
Convert -5266a (base 12) to base 6.
-2152214
11333131 (base 4) to base 5
1241131
Convert -1013203 (base 6) to base 11.
-33630
-12441111 (base 5) to base 15
-26d71
-6593a (base 16) to base 8
-1454472
1201123313 (base 4) to base 12
172b5b
-63076 (base 8) to base 10
-26174
Convert -1124624 (base 7) to base 16.
-2268e
Convert 82479 (base 15) to base 7.
3336252
1447069 (base 10) to base 8
5412235
-344123141 (base 5) to base 4
-11322310313
What is -6d3c4 (base 14) in base 8?
-1011260
12010362 (base 7) to base 13
2b2189
What is 402850 (base 11) in base 4?
2132023101
-11111011000110010110 (base 2) to base 3
-1221020211200
Convert -315663052 (base 7) to base 9.
-38367554
Convert 4120375 (base 9) to base 8.
10305346
732395 (base 10) to base 6
23410415
Convert 11120424 (base 5) to base 4.
113332333
Convert 111021220201 (base 3) to base 16.
3fe11
What is -100101011001011001 (base 2) in base 4?
-211121121
Convert -40444000 (base 5) to base 2.
-1010000000101000000
Convert -181c297 (base 15) to base 16.
-10be75e
What is -21100112001020 (base 3) in base 16?
-3b9f91
110011001001010100 (base 2) to base 12
a1298
Convert -151679 (base 13) to base 5.
-113024114
What is -516777 (base 8) in base 13?
-600ba
What is -268bc3 (base 13) in base 16?
-e3eaa
376140 (base 9) to base 16
378ed
What is 79619 (base 10) in base 3?
11001012212
What is -2ac7ac7 (base 13) in base 16?
-d17330
Convert dd5c8 (base 14) to base 15.
a8d41
Convert 34201134 (base 5) to base 13.
a8084
231143401 (base 7) to base 5
12110124032
Convert -100a895 (base 11) to base 13.
-4a6b93
5613613 (base 7) to base 14
1406b3
-101010000100011101 (base 2) to base 11
-108512
What is -5744666 (base 8) in base 10?
-1558966
-b1193c (base 13) to base 4
-33231001021
Convert -40847 (base 12) to base 15.
-19e01
Convert 2539362 (base 11) to base 15.
5c0175
514363 (base 7) to base 2
10101011111000000
What is -102201011210 (base 3) in base 15?
-48463
Convert -1100010000001110110 (base 2) to base 4.
-1202001312
-a51c53 (base 13) to base 16
-3ae63c
What is 13412313 (base 5) in base 3?
21000221002
Convert 312121 (base 9) to base 7.
1401064
Convert 1b7038 (base 14) to base 8.
3571312
What is -2110223032 (base 4) in base 11?
-386593
3943d8 (base 15) to base 6
134522452
Convert 2354531 (base 6) to base 10.
124183
29859 (base 10) to base 13
1078b
Convert -27554 (base 15) to base 8.
-366177
-3013444 (base 5) to base 3
-2102211202
2313235 (base 6) to base 10
118679
Convert 70868 (base 13) to base 7.
1466033
1430074 (base 9) to base 4
3000032323
Convert -5ba152 (base 12) to base 9.
-2720478
-8830545 (base 10) to base 2
-100001101011111001010001
10030023233 (base 4) to base 12
44b83b
121133121 (base 4) to base 10
104409
Convert 313233233 (base 4) to base 13.
7cc13
What is -12d116 (base 16) in base 2?
-100101101000100010110
What is -c59b8c (base 13) in base 5?
-2140320234
Convert -10111000010000100 (base 2) to base 9.
-153362
What is 255be9 (base 15) in base 14?
348c04
What is 10202013 (base 4) in base 13?
85b3
66665062 (base 8) to base 12
4995616
-10000000001110110000001 (base 2) to base 9
-7813770
-230110404 (base 5) to base 4
-3320321113
Convert -3517112 (base 10) to base 11.
-1a92505
Convert -1366254 (base 7) to base 12.
-8aa53
Convert 4ddc (base 14) to base 7.
54665
What is 2002020001 (base 4) in base 10?
532993
What is 969403 (base 11) in base 13?
423532
What is 51744 (base 10) in base 15?
104e9
What is 1765213 (base 8) in base 7?
4260344
Convert -203111320 (base 4) to base 8.
-432570
3321043 (base 5) to base 14
1701a
-234214 (base 8) to base 15
-18a92
343421 (base 5) to base 2
11000001001001
Convert -18c48d3 (base 14) to base 9.
-25135405
What is -4974a9 (base 11) in base 6?
-24502221
What is -416835 (base 10) in base 13?
-117963
What is 201301201012 (base 4) in base 14?
1266742
Convert -85948 (base 16) to base 11.
-344094
What is 2277a8 (base 11) in base 7?
3034264
What is 53d14 (base 14) in base 8?
614176
What is 13302063 (base 7) in base 15?
193b2c
-4014310 (base 5) to base 14
-19305
13ac31 (base 15) to base 5
220311441
What is 11102101001210 (base 3) in base 7?
25654122
What is 3c043 (base 14) in base 15?
2ddc5
What is -23521411 (base 7) in base 4?
-13332013021
What is 120110020111 (base 4) in base 2?
11000010100001000010101
What is -432273 (base 11) in base 6?
-22451331
541997 (base 15) to base 14
763737
-4766465 (base 8) to base 10
-1305909
-2350a (base 14) to base 7
-505613
Convert -449a59 (base 13) to base 6.
-54424225
Convert 201a229 (base 12) to base 10.
6010305
What is -7145a5 (base 12) in base 4?
-12300031031
Convert 202000110100 (base 3) to base 9.
660410
4403424303 (base 5) to base 7
143130540
45660144 (base 7) to base 12
1409616
-19a521 (base 11) to base 3
-120120210102
Convert -25878742 (base 9) to base 10.
-12747899
1000111001011101 (base 2) to base 15
abea
What is -2afeaf (base 16) in base 8?
-12577257
-102021111210 (base 3) to base 4
-312030210
-10100001101011000001 (base 2) to base 8
-2415301
What is -9846c (base 14) in base 2?
-1011001111111000000
What is -13023312122 (base 4) in base 11?
-1077155
What is 212220102101 (base 3) in base 13?
136213
What is -4425616 (base 10) in base 3?
-22022211210201
Convert -1225322 (base 8) to base 6.
-11131442
What is 14300433 (base 6) in base 11?
305203
Convert 1764134 (base 11) to base 8.
13324166
What is 50561 (base 12) in base 3?
12022022101
Convert 1111011100100111100100 (base 2) to base 9.
7551631
142cbd (base 15) to base 11
6039a5
What is 21840467 (base 9) in base 2?
101000011011000000110000
-482446 (base 14) to base 15
-33a558
What is 100000011011001100101 (base 2) in base 15?
15ec36
What is -4b989 (base 15) in base 13?
-86085
What is 2020000 (base 6) in base 9?
155500
-1035673 (base 8) t